Let a = 6 + -5. Let u be -6*(a - (-2 - -2)). Let j(x) = -2*x + 3. Calculate the remainder when 44 is divided by j(u).
14
Suppose u + 156 = 2*k, -6*k - 3*u = -2*k - 292. Calculate the remainder when k is divided by 26.
24
Let q = 9 - 5. Let d = q + -7. What is the remainder when (-1)/((-6)/(-52))*d is divided by 14?
12
Suppose 4*w + 20 = 0, g - 2*w = 6 + 5. Let j = 4 - g. Suppose 0 = 3*i + 4*b - 14, -2*b - 19 = -j*i - b. What is the remainder when 11 is divided by i?
5
Let v = 51 + 0. Calculate the remainder when v is divided by 4.
3
Let h = -278 - -498. Suppose -v = 4*v + h. Let u = -22 - v. What is the remainder when u is divided by 12?
10
Suppose -12 = -5*y + 8. Suppose -y*z - 13 = -89. Let d = -8 + z. What is the remainder when d is divided by 4?
3
Suppose 2*n = -n. Suppose -2*i = -o + 52, n - 9 = -3*i. What is the remainder when o is divided by 20?
18
Let x = 232 - 107. Suppose 3*h = -2*h + x. Calculate the remainder when h is divided by 14.
11
Suppose 5*l - 2*p - 30 = 0, -5*p + 20 = -p. Calculate the remainder when l is divided by 4.
0
Let c = 12 - 2. What is the remainder when 37 is divided by c?
7
Suppose -4*m = -1 + 13, 0 = -2*i + 5*m + 3. Let d(c) = c**3 + 7*c**2 + 7*c - 8. Let w be d(i). Let o = -10 - w. What is the remainder when 11 is divided by o?
3
Suppose 0 = 3*b, -12 = -2*j + 2*b + 22. Let y = j + 7. Suppose -4*r = 5*z + 3, -5*r + 0*z = -3*z - y. What is the remainder when 5 is divided by r?
2
Let j be ((-1)/(-2))/(2/12). Suppose j*w = -2*w + 65. Let s = 100 + -62. Calculate the remainder when s is divided by w.
12
Let u(y) = y**2 - 2*y - 6. Let z = -16 - -26. Calculate the remainder when u(-4) is divided by z.
8
Let a = 3 - -9. What is the remainder when a is divided by 7?
5
Suppose -4*j = -2*u - 158, 4*j - 9 = -2*u + 145. What is the remainder when j is divided by 6?
3
Let z(n) = n**2 + 1. Let o be z(2). Suppose -o*v + 12 + 13 = 0. Suppose v*k = 4*k + 3. Calculate the remainder when 9 is divided by k.
0
Suppose -4*m - 10 - 6 = -v, -5*v - 4*m + 8 = 0. Suppose -3*k + 4*r + 97 = 0, k + v*r - 119 = -4*k. What is the remainder when k is divided by 15?
12
Suppose 0 = 3*q - 120 - 12. Calculate the remainder when q is divided by 23.
21
Suppose -x = 4*g - 2, x - 4*g - 4 = 6. Suppose x*h = -5*c + 3*h + 80, -3*h + 41 = 2*c. Calculate the remainder when (-37 + 2)*-1 + 2 is divided by c.
11
Let s = -9 + 22. Calculate the remainder when s is divided by 7.
6
Suppose -f + 0 + 15 = 0. Calculate the remainder when 67 is divided by f.
7
Suppose 0 = 6*i - 3*i - 66. Let o be 30/4*4/3. Suppose 2*x + 5*m - 41 = -x, x - 2*m = o. What is the remainder when i is divided by x?
10
Let r(t) = -t**2 + 1. Let x be r(1). Suppose 3*a = 0, x = -5*y + 4*y - 4*a + 34. Suppose 6*p - 10*p = -72. Calculate the remainder when y is divided by p.
16
Let d = 13 + 5. Let x = 3 - -4. Calculate the remainder when d is divided by x.
4
Let q(n) = -n**2 - 7*n - 3. Let v be ((-1)/2)/((-3)/(-36)). Let c be q(v). Suppose -c*f = -0*f - 45. What is the remainder when f is divided by 8?
7
Let h = -25 - 6. Let i = -22 - h. Calculate the remainder when 16 is divided by i.
7
Let y = -14 - -27. What is the remainder when 62 is divided by y?
10
Let t(r) = 33*r + 7. Let x(v) = -33*v - 8. Let n(g) = 7*t(g) + 6*x(g). Let a be n(-1). Let z = -1 - a. Calculate the remainder when z is divided by 11.
9
Let p(o) = -o + 10. Let t be -1 - ((-2)/(-1))/(-2). What is the remainder when (2 - (-17)/(-4))*-8 is divided by p(t)?
8
What is the remainder when -3 + -49*4/(-4) is divided by 25?
21
Let i = -11 + 5. Calculate the remainder when 13 is divided by 2 + 2 - (i - -3).
6
Let n = 1 + 2. What is the remainder when 10 is divided by n?
1
Let x = 5 - 6. Let w = 1 - x. What is the remainder when 2 is divided by w?
0
Let g(a) be the second derivative of a**5/20 + 5*a**4/12 + a**3 + 5*a**2/2 - 2*a. Let d be g(-4). Let r = 1 - d. What is the remainder when 11 is divided by r?
3
Suppose -z + 3*f - 5 = 2, 0 = 2*z + 5*f - 8. Let c be (-4 + 2)/(-2)*z. What is the remainder when 21 is divided by (23 + c)/(4 + -2)?
10
Calculate the remainder when 117 is divided by (1*4)/(6/30).
17
Suppose 0 = 4*p - 2*p - 10. Let b = 12 - p. Calculate the remainder when 12 is divided by b.
5
Let y = -41 - -55. Calculate the remainder when 39 is divided by y.
11
Let c(k) = k**2 - 4*k. What is the remainder when (9 - 2)/(2/10) is divided by c(6)?
11
Let u(s) = s**3 - s**2 - s - 2. Suppose 4*d = -d. Let r be u(d). Let a(n) = -n**2 - 5*n - 3. Calculate the remainder when a(r) is divided by 2.
1
Let h = 3 - 2. Let n(m) = 42*m**2 + m. Calculate the remainder when n(h) is divided by ((-1)/(-2))/((-3)/(-90)).
13
Let v = 33 - 20. What is the remainder when v is divided by 7?
6
Let n(t) = t**2 - 10*t + 7. Let j be n(9). Calculate the remainder when (j/(4/70))/(-1) is divided by 12.
11
Suppose 0 = 2*c - 18 + 4. Calculate the remainder when 34 is divided by c.
6
Suppose 5*b + 101 = 4*t, -t - 1 = 4*b - 0. What is the remainder when 74 is divided by t?
17
Let a = 6 - -2. Calculate the remainder when 55 is divided by 2/a*(73 - -3).
17
Let u = -5 - -3. Let j = u - -6. What is the remainder when 5 is divided by j?
1
Suppose -r + 0 = -2. Calculate the remainder when (-4)/(-14) + 520/140 is divided by r.
0
Let r(l) = l**3 - 2*l**2 - 4*l + 1. Let f be r(3). Calculate the remainder when f/3 - (-655)/15 is divided by 15.
13
Let r = -84 + 144. Suppose 2*q + r = 5*q. Suppose 4*h - 3*h - 7 = 0. Calculate the remainder when q is divided by h.
6
Let g be (-2)/3 + 11/3. Suppose -g*v + 8 = -28. What is the remainder when 23 is divided by v?
11
Suppose 2*c - 7 = -3, 4*d - 4*c - 44 = 0. Suppose 4*l - d = 67. Calculate the remainder when l is divided by 7.
6
Let j(n) = -n**3 + 11*n**2 + 2*n - 1. Calculate the remainder when 104 is divided by j(11).
20
Suppose -6*w = -2*w - 48. Suppose 10*b - w = 9*b. What is the remainder when (23/(-4))/((-1)/4) is divided by b?
11
Suppose -5*t - 5 = 3*b, -4*t - 4 = -5*b - 0*t. Suppose -34 = -2*f - b*f. What is the remainder when f is divided by 10?
7
Let w be (-1)/(-4) + (-489)/(-12). Suppose w + 39 = 5*j. Let t = j - 0. What is the remainder when 47 is divided by t?
15
Let n(j) = 18*j - 1. Let t be (-1)/(-3) + (-8)/(-12). What is the remainder when n(t) is divided by 9?
8
Let p(w) be the second derivative of w**5/20 + w**4/2 + 4*w**2 - 3*w. Calculate the remainder when 30 is divided by p(-6).
6
Let i(y) = 3*y**2 - 3*y + 6. Let u be i(-7). Suppose 0 = -5*s + u + 1. Let p = 5 + 4. Calculate the remainder when s is divided by p.
8
Suppose 4*h = 4*w + w - 22, 4*w - 20 = 2*h. Suppose -3*a = -w + 3. Suppose a = 3*p - 4*o - 17, o + 5 = p. Calculate the remainder when p is divided by 1.
0
Let t(v) = 6*v**3 - v**2 + 2*v - 1. What is the remainder when 22 is divided by t(1)?
4
Let w(f) = f + 15. Let x(z) = z**2 - 5*z + 5. Let o be x(5). Suppose 26 - 6 = o*q. Calculate the remainder when q is divided by w(-12).
1
Suppose -4*g = 2*u + 3*u - 36, -27 = -3*g + 4*u. Let f(p) = p + 8. What is the remainder when f(g) is divided by 51/9 + (-1)/(-3)?
5
Suppose d - 3 = -11. Let b(z) = 1 + z**2 + 7*z - 2 - 6. What is the remainder when 3 is divided by b(d)?
0
Let j = -15 - -9. Let y(x) = -x - 5. Let h be y(j). What is the remainder when h*6 - (3 + -4) is divided by 4?
3
Suppose s + 3 = 5*w - 2*w, -w + 3 = 0. Let h be (-2)/(-4) + (-63)/14. Calculate the remainder when s is divided by (-30)/(-75)*(-30)/h.
0
Let p = 2 + 72. Let x = p - 52. Calculate the remainder when 85 is divided by x.
19
Let m(f) = -f**2 - 5*f + 6. Let x be m(-6). Suppose 0*r - 5*r + 25 = x. Suppose -16 = r*s - 131. What is the remainder when s is divided by 12?
11
Let s(m) = -m**2 - m + 35. Let o be s(0). Let g = -24 + o. Calculate the remainder when 30 is divided by g.
8
Let i(v) = 2*v - 7. Let w be i(5). Let f be (335 - 2)/w*-2. Calculate the remainder when (-6)/(-9)*f/(-4) is divided by 13.
11
Let p(a) = 18*a + 1. What is the remainder when p(2) is divided by 10?
7
Let s be (-2)/9 + (-14)/(-63). Suppose s = 5*p - 4*p - 12. Let b = 35 - p. Calculate the remainder when b is divided by 12.
11
Let o be 1/4*-2*-2. Let v be 2/(-2)*(37 - o). Let u = v + 76. Calculate the remainder when u is divided by 21.
19
Suppose u - 6 = 2*u. Let n be 13/3 - (-2)/u. Suppose n*i + 128 = 5*o, -